e prime factors of v(-4)?
3, 17
Let p = -2 - -7. List the prime factors of 2/p - 43/(-5).
3
Let i = 8 - 11. Let s = 24 + i. List the prime factors of s.
3, 7
Let o(s) be the third derivative of -7*s**4/24 - s**3 - 8*s**2. List the prime factors of o(-5).
29
Let r(z) = -44*z**2 - 1. Let x be r(-1). Let b = -24 - x. Suppose -2*c - 5 = 2*h - b, 2*h - 2*c = 0. What are the prime factors of h?
2
Let n(j) = -j**3 + 6*j**2 + 8*j - 9. Let a be n(7). Let x(m) = -m**3 + 2*m + 3. List the prime factors of x(a).
7
Let p(g) = -g**2 + 3*g + 2. Let m be p(2). Suppose s + 6 = m*s. List the prime factors of s.
2
Let y(f) = -f**3 - 5*f**2 + 3*f - 5. Let j(u) = u - 6. Let q be j(0). What are the prime factors of y(q)?
13
Suppose 0 = -4*l - j - 29, -l + 37 = -3*l - 5*j. Let x(h) = -h**2 - 6*h + 5. Let s be x(l). Suppose -12 = p - s*p. List the prime factors of p.
3
Let q(y) be the second derivative of y**3/6 + 19*y**2/2 - 7*y. List the prime factors of q(-9).
2, 5
Suppose -18*m + 654 = -15*m. What are the prime factors of m?
2, 109
Let f = 88 + -80. List the prime factors of f.
2
Let z be ((-1)/(-2))/((-2)/(-4)). Let a be -2*z/(2 - 0). What are the prime factors of ((-6)/a)/(6/4)?
2
Let n(j) = -3*j**2 - 5*j - 8. Let l(s) = -s**2 - s - 1. Let r(o) = 4*l(o) - n(o). Let z be r(-3). Let t = 15 + z. List the prime factors of t.
7
Let w be -15 - -12 - (-19 + 0). Let b = 18 - w. What are the prime factors of b?
2
Let o(h) = h**3 - h**2 - h**2 - 4 + 2*h**2 + 3*h - 8*h**2. List the prime factors of o(8).
2, 5
Suppose 0 = -2*n - 0*n + 236. Suppose p + 44 = 2*f + 5*p, -4*f + n = -2*p. List the prime factors of f.
2, 7
What are the prime factors of (381/2)/(24/48)?
3, 127
Let z(j) = -2 - 2*j + 0 - 14*j. List the prime factors of z(-3).
2, 23
Suppose 6*f - 2*f = 4. Suppose 0 = -2*x - b + 20, -f = -x + 4*b - 0. List the prime factors of x.
3
Let d(y) = y**2 + 12*y + 14. List the prime factors of d(-14).
2, 3, 7
Let v = -72 + 206. What are the prime factors of v?
2, 67
Suppose -4*t = -32 + 4. Suppose 4*s - 2*s - 4*k + 8 = 0, -s + 3*k - t = 0. Suppose 4*b - 28 = 2*x, b = s*x - 1 + 8. List the prime factors of b.
7
Suppose -u - 31 = -2*u. List the prime factors of u.
31
What are the prime factors of (32/(-12))/4*(2 - 35)?
2, 11
Suppose -8 = -3*o + o. What are the prime factors of 34/o*(1 - -1)?
17
Suppose g - 6*g = -25. Let p be 291/15 - 2/g. Let k = -9 + p. List the prime factors of k.
2, 5
Let w be 6/8*-1*-8. Suppose -4*r = -r - w. Suppose -6*c + r*c + 28 = 0. What are the prime factors of c?
7
Let n = 13 + -4. List the prime factors of n.
3
Let k be (-4)/10 + (-69)/15. Let q = 19 + k. What are the prime factors of q?
2, 7
Let r(i) = 37*i**2 - i - 2. What are the prime factors of r(-1)?
2, 3
Suppose -f - 38 - 39 = -2*t, -t + 40 = -f. List the prime factors of t.
37
Let f(y) = -4*y**2 - 2*y - 1. Let z be f(-1). List the prime factors of (-51)/(-2) - z/2.
3
Suppose -4*j + 7*j - 5*w = 105, -34 = -j + 2*w. List the prime factors of j.
2, 5
Suppose -2*m - 4 = -324. What are the prime factors of (m/(-15))/((-2)/3)?
2
Let a = 7 - 2. Suppose 5*c - 15 = -a*q, -2*q + 9 = -3*c - 2. Let o = q - -7. What are the prime factors of o?
11
Let a(j) = -j + 7. Let s be a(4). Let u(n) = -n**2 + 8*n - 4. List the prime factors of u(s).
11
Let x = 0 - -1. Suppose -19 - x = 5*o. List the prime factors of (30/(-4))/(2/o).
3, 5
Let l(m) = m - 1. List the prime factors of l(6).
5
Suppose -31 = -4*o + 5*m, -4*o + 13 = -2*m + 3*m. Suppose -z - 30 = -o*z. Suppose u = -u + z. List the prime factors of u.
5
Suppose 5*z = -16 + 1. Let a(m) = 2*m**2 - 4*m + 2. List the prime factors of a(z).
2
Let t(z) = -2*z**3 + 1. Let d be t(-1). Suppose -d*j = -2 - 7. What are the prime factors of j?
3
Let r be (-4)/((-2)/(-2))*-1. Let c be 14*(r - 1 - 2). Suppose -4*y + c = -18. What are the prime factors of y?
2
Let g(v) be the second derivative of -v + 4/3*v**3 + 1/2*v**2 + 0 - 1/12*v**4. List the prime factors of g(7).
2
Suppose -5*w - 111 = 3*i - 757, -516 = -4*w - 2*i. List the prime factors of w.
2
Let w(m) = m**2 - 4*m + 12. What are the prime factors of w(0)?
2, 3
Suppose -3*t - m = 10 - 3, -3*t = -m + 17. Let f = -1 - t. Suppose -j - j + 21 = -3*o, -36 = -f*j + 3*o. List the prime factors of j.
3, 5
Let n(g) = -g**3 + 14*g**2 + 2*g - 23. Let x be n(14). Let r be -2*1*11/(-2). Let a = r - x. What are the prime factors of a?
2, 3
Let o = 12 + -17. Let n = o - -7. Let k(y) = y**3 - 3*y**2 + 4*y - 2. What are the prime factors of k(n)?
2
Let s = -23 + 38. Suppose 2*c + s = 3*h, 5*h + 4*c = -0*h + 25. List the prime factors of h.
5
Suppose -3*m = w + 23, w + 0*w + 5 = 0. List the prime factors of 13 - 3 - (m + 3).
13
Let s(b) be the third derivative of -b**4/24 + b**3 + 2*b**2. Let w be s(5). Suppose -2*l = w - 5. What are the prime factors of l?
2
Let v(t) = t**2 + 9*t + 12. Let j be v(-8). Suppose 0 = -5*m + 1 + j. Suppose -f - 8 = -2*p, -3*f + m + 11 = 0. List the prime factors of p.
2, 3
Suppose -s - 4*k = 3, -2*s - 2*s = k - 63. List the prime factors of -50*(s/(-5) + 3).
2, 5
Let o = 25 - 17. Let t be (-66)/o*(-8)/2. Suppose 4*q = -h + t, -1 = -q + h + 6. What are the prime factors of q?
2
Suppose -2 = -3*w + 31. Suppose -w = -3*i + 43. What are the prime factors of i?
2, 3
Let k be 43/3 - 2/(-3). Suppose k = 6*n - 5*n. List the prime factors of n.
3, 5
Let f(s) = 10*s**3 - s. Let w = 4 - 3. Suppose o + w = 2. List the prime factors of f(o).
3
Suppose 0*k - 32 = -4*k. Let n = k - 5. List the prime factors of (-50)/(-4) + n/2.
2, 7
Let m(u) = 5*u - 3. Let c be m(5). Suppose z - 4*g - 22 = 0, 40 + c = 4*z - 3*g. What are the prime factors of z?
2, 7
Let p(s) = s**2 - 5*s + 5. Let h be p(4). Let d(r) be the third derivative of 5*r**4/12 - r**3/6 - 3*r**2. What are the prime factors of d(h)?
3
What are the prime factors of 7/(14/(-6)) - -108?
3, 5, 7
Let w(h) = 23*h**2 + 2*h - 1. Let o(s) = -s**2 + 4*s + 13. Let v be o(6). List the prime factors of w(v).
2, 3
Let w(f) = -5*f**3 + 3*f**3 + 7*f - 4 + 3*f**3 - 2*f + 7*f**2. List the prime factors of w(-6).
2
Let u(y) = y + 7. What are the prime factors of u(7)?
2, 7
Let m(d) = -d + 14. Let s be m(8). Let i be (-4 - -1)*(-10)/s. Suppose 6 = -i*q + 6*q. What are the prime factors of q?
2, 3
Suppose 0 = h + 1 - 0. Let m be h*(0 - 1)/(-1). List the prime factors of 3 + m + (-10)/(-2).
7
Let s(o) = -29*o. Let g be s(-3). Suppose -239 = -4*y - 4*j - g, -4*j - 172 = -5*y. What are the prime factors of y?
2, 3
Let n(s) = 3*s + 4. Suppose 0 = 3*d - 0*d - 15. What are the prime factors of n(d)?
19
Suppose 2*z - 5*z = 9. Suppose -8*m + t = -4*m + 27, -3*m = -4*t + 30. Let r = z - m. List the prime factors of r.
3
Suppose -24*n - 13 = -25*n. What are the prime factors of n?
13
Let n = -115 + 275. What are the prime factors of n?
2, 5
Suppose -i - 4 = h + 9, 0 = 4*i - 5*h + 43. Let z = i + 22. What are the prime factors of z?
2, 5
Let y(o) = o**2 + 8*o - 7. What are the prime factors of y(-10)?
13
Let n(a) be the third derivative of -a**6/120 + a**5/12 - a**4/6 + a**3/3 - a**2. Suppose -1 = -5*x + 4, -2*x - 1 = -t. What are the prime factors of n(t)?
2
Suppose -80 - 151 = -21*m. What are the prime factors of m?
11
Suppose 2*s + 4*j = -6, -2*j = 2*s - j. Suppose -4*p = 4, a + p - 3 - s = 0. Suppose 3*v - 13 = 2*y, -a*v + 3*y + 9 = 6*y. List the prime factors of v.
3
Suppose -4*h - 70 = -2*b, 5*h - 5*b = -127 + 27. Let x = 20 + -10. What are the prime factors of x/(-3)*18/h?
2
Let r(x) be the third derivative of x**6/180 - 3*x**5/40 - x**4/12 + 3*x**2. Let s(i) be the second derivative of r(i). List the prime factors of s(6).
3, 5
Let a(k) be the first derivative of -k**3/3 + 3*k**2/2 + 4*k - 2. Let g be a(3). Suppose g*u - 12 = -0*u. What are the prime factors of u?
3
Let f be -4 + 3 + -2 + 3. What are the prime factors of (-2 - f) + (5 - -2)?
5
Suppose 2*l + 8 = -0*l, -111 = -u - 5*l. What are the prime factors of u?
131
Suppose -8*p = -4*p - 72. What are the prime factors of p?
2, 3
Suppose -f - 2*f - 47 = 5*t, -4*t + 4*f = 12. Let x(l) = l + 4. Let w be x(t). List the prime factors of 2/(-2)*(w - 2).
5
Let b be (-1)/5 - (-29)/(-5). Let n be (-9)/3*20/b. List the prime factors of (-5)/(n/(-16)) + 0.
2
Let y(h) = -h**3 - 10*h**2 - 2*h - 7. Let k be y(-9). Let n = 98 + k. Suppos